 10 + 3 + 3 + (570 - 707).
-121
What is (90 - 43) + -72 + -5?
-30
15 + (5 + (1 - 3) + -19 - (-7 - -2))
4
What is -7 + -55 + (-4 + (8 - 2) + -5 - -6)?
-59
Evaluate -7 - ((17 - -1) + (98 - 18 - 29)).
-76
Calculate 20 + 1 - (52 - -5 - (357 - 353)).
-32
Calculate 28 + -3 + -45 + 91 - (-9 - 1).
81
Calculate 77 - 0 - (-84 + -92 - -194).
59
What is -25 + (-13 - -13 - (26 + -80))?
29
What is the value of 6 - (-65 + 46) - (9 - 5 - 40)?
61
What is the value of -223 + 249 + 113 + -24?
115
What is 2 + 101 + (-8079 - -7928)?
-48
What is the value of -45 + 6 + 58 + -30?
-11
Evaluate -33 - ((-10 + 9 - (-1 - -10)) + 23).
-46
16 + (9 + 7 - 54) + -6
-28
Calculate (47 - 23) + -4 + 1 + -18 + (-46 - 3).
-46
Calculate -9 + (41 - 0) + (-41 + 41 - 0).
32
-6 - 9 - -82 - (5 - (-12 + 21))
71
Calculate -34 + (-29 - (28 + -58)).
-33
-24 + 9 + 18 + -8 + -4
-9
Calculate (-17 - -11) + 44 + 60 + -68.
30
Calculate -3 + 56 + -63 + 10 + 19.
19
-350 + 353 - ((1 - 0) + -34 + 38)
-2
5538 + -5531 + 1 + -72
-64
-18 + 1 + 3 + -173 + 226
39
Calculate 135 - (807 - 785 - (-3 + 1 - 0)).
111
Evaluate -7 - (-109 - (-63 + 29)).
68
Evaluate (17 - 20) + (10 - -6) + (1 - -2).
16
What is -15 - (21 - (14 + (21 - -18)))?
17
What is -35 - -40 - (60 + -136)?
81
Calculate -20 - (-191 - (-167 - -67)).
71
What is 41 - (44 + -42) - (72 + -17)?
-16
What is the value of -70 + (-28 + 19 - 10) + -24?
-113
-36 + -7 - (-894 - -878)
-27
Calculate 11 + (29 - 42 - -26 - 24).
0
What is 1 + 21 + (1821 - 1839) + 1 + 15?
20
Evaluate -4 + (0 - 37 - -46) - (0 + 0).
5
Calculate (51 - -13) + (-2 - 43).
19
Calculate (-17 - (-22 - (-2 - -16))) + -32.
-13
Calculate 0 + 16 + -69 + -49 + 69.
-33
-1 + (-1 - -81) + (25 + (-14 - 0) - 9)
81
Evaluate -58 + 30 + 18 + -38.
-48
Evaluate -9 + (-7 + 18 - (23 + -26 + 6)).
-1
-4 + 46 - 10 - (-78 - -198)
-88
-44 + (-57 + 43 - (19 + -37))
-40
Calculate 2 + 2 + 40 + -9 + 11 - (133 + -143).
56
Calculate -15 - (-4 + -13 + -4) - (9 + 4) - -127.
120
What is the value of (-144 - (-65 - -11)) + 49?
-41
Calculate 20 + (-49 - -69) + -7.
33
Evaluate (49 + -14 + -43 - 43) + 10.
-41
-51 - 0 - (-78 - -30)
-3
What is (12 - 20) + (67 - (-6 - -22) - 7)?
36
Calculate 61 + (-2 + -30 + 18 - (-1 - 10)).
58
What is the value of 5 + (28 - (190 - 40) - 4)?
-121
Calculate (73 - (5 + -4)) + (-6 + -6 - (20 + -20)).
60
(-28 - (66 + -24)) + 33
-37
Calculate 148 + -33 + -55 + -99.
-39
-47 + 7 + 4 - (-6 + -10)
-20
Calculate -4 - -6 - 4 - -6 - (253 - 307).
58
Calculate -34 + (-13 - (29 - 48) - 15).
-43
-7 - (10 + 6) - -21 - -15
13
-6 + 0 - (-235 - (-20 + -106))
103
Evaluate 15 - (-6 - -21 - (-11 + 29)).
18
Calculate -29 - (66 + 1) - -33.
-63
42 + (-105 - -45 - -39)
21
Calculate 503 + -524 - (106 + (-1 - (6 + -5))).
-125
(1 - 11) + (-6 + -5 - (0 - 26)) + 52
57
32 + (1 - 20 - (-594 - -562))
45
Calculate 69 + 12 - 32 - 68.
-19
What is the value of 45 + (37 - (0 + 82))?
0
Evaluate 45 + -64 + 33 - (-1 + 7) - 2 - -38.
44
-50 - (43 - 41 - 17)
-35
35 + 2 + 84 + (28 - 46)
103
Calculate -58 - (13 - (-18 - -10 - -13)).
-66
-102 - (59 - 242) - (26 + -1)
56
What is -43 + -130 + (-130 - -264)?
-39
Evaluate 2 - -8 - (-9 + 8 + 33 - 8).
-14
What is the value of -51 + (-43 - (16 - 154))?
44
Evaluate (73 + -27 - 42) + 13 + -124.
-107
Calculate 38 - -1 - (7736 + -7724).
27
What is 26 + (9 - 22) - (-4 + (6 - -2))?
9
What is 53 + -92 - (5 + 8 + -10 + (-10 - -1))?
-33
Evaluate (-37 + 0 - 0) + (-22459 - -22490).
-6
12 - (16 + 40 + -7)
-37
Calculate 9 + (0 - 1) + -208 + 146 + (54 - -5).
5
Evaluate 30 + (-21 - (-18 - -8)) + 42.
61
What is (-13 - 1) + (-35 + 6 - -31) + 12?
0
Calculate (-25 - (312 - 302)) + (-1 - -51).
15
Evaluate 108 + -118 - (-16 - -3) - (-4 - -42).
-35
(-39 - -2) + (145 - 88)
20
What is -86 + 113 + -39 + 2 - (5 + -3 - -85)?
-97
What is (119 - 302) + 106 - -107?
30
Calculate (-1 - 1 - 0) + (-64 - (10 + -65)).
-11
Calculate -653 + 598 - (4 + -75).
16
What is the value of -6 + 33 + 5 - 37?
-5
-43 - ((66 - 30) + -56)
-23
Evaluate -20 + -26 + 7 + 31 + 32.
24
What is -44 + (-19 + 81 - 22)?
-4
-224 + -11 + 228 - (0 + (-6 - 0 - 0))
-1
What is 108 - (1 + (-25 - -17) + 33)?
82
What is the value of 11 + (4 + 7 + -7 - 12)?
3
-794 + 792 + (-2 + (-5 - -10) - 99)
-98
Evaluate 27 - ((-49 - 37) + 34 + -6).
85
What is 87 + (63 - (118 - -76))?
-44
1 - (-44 + -1) - (47 - 138 - -108)
29
(-65 - -7) + (26 - (22 - 15))
-39
Evaluate 59 - ((-42 - -53) + -7 + 5 + 7 + -7).
50
What is the value of 3 - (4 + -22 + 38)?
-17
Evaluate 93 + (-16 - ((2 + 2 - -1) + -34) - 17).
89
Evaluate (-1 - (-103 - -39)) + -27.
36
Evaluate -6 - 2 - 17 - (-29 - 23).
27
What is -25 + 2 + (-52 + (-5 - -25) - -24)?
-31
20 + 51 + -49 + (-4 + 8 - -4)
30
-5 + -25 - -23 - 46 - (4 - 23)
-34
What is -2 + -44 + -74 + 90?
-30
What is the value of 25 - (-5 - (-13 + -3 - -18))?
32
4 + (-20 - ((5 - (-7 + 9)) + 77 + -84))
-12
Calculate -137 - (24 + -127 + 80).
-114
Calculate (35 - -4 - 3) + -28.
8
What is (262 - 265) + (2 - -2) + (-8 + 6 - 1)?
-2
-32 + -9 + 7 - (0 + (-6 - 0))
-28
What is -33 - (-8 + 20 + -1 + -5) - (-58 + 58)?
-39
(-62 - -58) + (0 - (-11 + -1)) - (-78 - 15)
101
What is 1 + -20 + 3 + (2 - -3) - (-2 + 2)?
-11
What is 1 + 70 - (12 - (7 - (10 + 11) - -20))?
65
Evaluate 1 - -51 - (49 + (-6 - 28)) - -11.
48
(70 + -66 - (-2 + -5) - 67) + -11
-67
(-21 - -48) + 1 + (47 - 21)
54
Evaluate -2 - (-20 - (31 + -24 + 7)).
32
What is 2 + 20 + 16 + 8 + -25 + 20?
41
What is -106 - (-34 - (40 - -13))?
-19
Calculate (25 - 25) + 34 - 24.
10
Evaluate (0 - 43) + -27391 + 27386.
-48
Evaluate -609 + 572 + (-9 - 0) - 41.
-87
What is (-18 - -15) + 11 + (1 - 2) - 23?
-16
Calculate 3 + 12 + -13 + -21 + 27 + -74 + -1.
-67
-59 + 83 - (-99 - -168)
-45
-108 - ((6 - -23) + 6 + -65)
-78
Calculate -14 - -29 - (66 - 15).
-36
17 + (44 - 38) + 84 - (1 + 13)
93
What is -53 + (-16 - (-29 - 8)) - -60?
28
What is 27 - (-2 + 1 + 5 + (-40 - -29))?
34
What is -76 + 23 - (-43 + 15)?
-25
What is -10 + -14 + (-1 - 0 - (-94 + 85))?
-16
Calculate 39 + (24 - (78 - 35)).
20
Evaluate 4 - -6 - (-32 - (-18 - -6)).
30
56 + -26 + (-56 - 2)
-28
(29 + 24 + -38 - 4) + -40 + 1
-28
Evaluate (96 - (1 + (26 - 36))) + -8 + 2.
99
Calculate 1 - -113 - (7 - (7 + 0 - (-251 - -243))).
122
(0 + 9 - 13 - -22) + (2 - (10 - 0))
10
What is 0 + 1 + -36 - (151 + 44 + -184)?
-46
(54 - ((94 - 90) + (3 + -4 - 11))) + 3
65
Evaluate -49 + 21 + -23 + 8 + 5 + -19.
-57
What is (-9 - 3) + (-11 + (36 - 13) - 16)?
-16
What is the value of -13 - (1 + (1 - (0 + 13)) + 7 - 28)?
19
(1 - -4) + 34 + (-23 - (-26 - -7)) - -5
40
What is the value of -20 + (-43 - (-4 + -87))?
28
163 + -227 + 22 + -38
-80
What is the value of -134 - -69 - (-12 + -22)?
-31
What is (14 - 23 - -22) + 18 + 35?
66
What is the value of -53 + 15 + (-34 - -103)?
31
Evaluate -59 - (-37 - 24) - (25 - 0).
-23
Evaluate 69 - (21 - (52 - 22)) - (-5 - 1).
84
-3 - -3 - -12 - (45 + (-72 - 9))
48
Evaluate (-35 - (9 + -1 + 1)) + 5 + 7.
-32
Evaluate 4 + -3 + -1 + -8 + -18 + (21 - 21).
-26
34 + (-32 - (-27 + 0 + 93))
-64
What is the value of -26 + 120 + 2 - (-19 - (-4 + (0 - 5)))?
106
Evaluate -20 + -9 + 0 + (202 - 190).
-17
What is the value of (7 - 1) + -1 - ((11 - 71) + -96 + 145)?
16
What is the value of (-15 - -10) + (2 - 27 - (-1 - 4))?
-25
Calculate -3 + 9 - 65 - ((26 - -5) + -25).
-65
What is the value of 315 + -258 - (40 + 1)?
16
Evaluate -2 - 181 - (7297 - 7399).
-81
Evaluate -79 + -56 + 113 - 49.
-71
What is the value of (-1 - -12) + -16 + 28 + -5 + 55 + 12?
85
Evaluate -4 - -34 - (1532 + -1632).
130
What is -15 + -4 - (82 + -234)?
133
What is 119 + -99 - (6 + (-6 - -5) + -4 + 6)?
13
-5 + (0 - 44 - (-9 - 0)) + 8
-32
Calculate (-5 - 26) + 17 - (-9 - (-30 + -3)).
-38
Evaluate 15 + 8 + 0 - (142 - 220).
101
What is -7 - (14 + 1 + 27 + -47 + 11) - -5?
-8
Evaluate 39 + -154 - (-1 + (-24 - 14)).
-76
Evaluate 3 + -149 + 101 + (71 - 136).
-110
Evaluate -11 + (5 - (3 + 3)) + 104 + (23 - 31).
84
Evaluate (-11 + (-5 - -8) - (14 - -1)) + 7 + -14.
-30
What is (-87 - -67) + -34 + -21?
-75
-616 - -645 - (0 + -9)
38
What is (14 - 2 - (-12 + 17)) + (-200 - -191)?
-2
What is -17 - (17 - (4 + 24) - -2)?
-8
Evaluate -57 + -92 - (-16 + -286).
153
(9 - (2 + 12 + 17 + -20)) + 2 + -78
-78
Calculate -11 + 24 + -39 + (-9 - -7).
-28
Calculate (3 - (-1 - 1)) + -15 + 7 - (-26 - 10).
33
What is the value of -15 - ((4 + -15 - 